y*h + 39 = h, 0 = n - 5*h + 6. Calculate the remainder when 24 is divided by n.
6
Let g = -5 + 8. Suppose 3*l - 15 = g. Calculate the remainder when l is divided by 4.
2
What is the remainder when -1 + -4 + (139 - 6) is divided by 26?
24
Let b(y) = y**2 + 2*y - 8. Let k be b(4). Suppose -22 = -v + k. Let w(r) = 13*r**2 - r + 1. What is the remainder when v is divided by w(1)?
12
Suppose x - 10 = 29. What is the remainder when x is divided by 11?
6
Let o = 71 + -54. Calculate the remainder when o is divided by 6.
5
Suppose 0 = -4*f + j + 414 - 115, 1 = j. Calculate the remainder when f is divided by 3.
0
Let w(y) = -5*y - 17. Suppose -2*a = -5*p + 10, -11 = -3*a + 4. What is the remainder when w(-6) is divided by p?
1
Let i = 14 + -9. Suppose 4*a = -0*a + t + 61, 4*a - 31 = -i*t. Calculate the remainder when 26 is divided by a.
12
Let p be 1/(-4) + 1/4. Suppose p = -v + 4 + 15. Calculate the remainder when 2690/75 - (-2)/45*3 is divided by v.
17
Let t = -2 - -11. What is the remainder when 17 is divided by t?
8
Suppose 18 = 3*s - 9. Let d(x) = x**2 - 10*x + 12. Let b be d(s). Suppose j = b + 20. What is the remainder when j is divided by 8?
7
Let b = -1 - -4. Suppose -2*m - 26 = -4*f - 5*m, 2*f - 5*m = 26. What is the remainder when b*(60/9 - 2) is divided by f?
6
Suppose 0*r + 3*j + 45 = 3*r, 36 = 2*r - 5*j. Let h(x) = 27*x - 3. What is the remainder when h(2) is divided by r?
12
Suppose h - 26 = -h. What is the remainder when 37 is divided by h?
11
Let a(j) = -4*j - 13. What is the remainder when 23 is divided by a(-5)?
2
Suppose 0*i = i - 20. What is the remainder when i is divided by (10/(-4) + 3)*22?
9
Suppose 0*o = 5*o. Suppose o*h - 4*h = 168. Let k = 78 + h. Calculate the remainder when k is divided by 19.
17
Calculate the remainder when (-4)/(-5)*(-50)/(-4) is divided by 2.
0
Suppose 3*l - 49 = -2*h, -h + 84 = 5*l + 14. Calculate the remainder when 24 is divided by l.
11
Suppose -5*h + 167 = -4*l, 5*l + 5 = -2*h + 85. Calculate the remainder when h is divided by 10.
5
Suppose y + 15 = 3*l, 24 = 2*l + 4*y - 0*y. Let m(f) = 3*f - 5. What is the remainder when m(l) is divided by 7?
6
Let i(r) = -2*r - 7. Let s be i(6). Let k = 60 + s. Calculate the remainder when k is divided by 11.
8
Suppose -2*s + 3*s = 6. Suppose s*o = o + 5. What is the remainder when o is divided by 1?
0
Let q(d) = d**2 - 11*d + 7. Suppose -4*u = -42 + 10. Let r be q(u). Let w = 9 - r. What is the remainder when w is divided by 14?
12
Suppose -81 = -t + 13. Calculate the remainder when t is divided by 24.
22
Let j = -18 + 29. Calculate the remainder when j is divided by 4.
3
Suppose 4*v - s = 20 - 2, 2*s = -2*v + 14. Calculate the remainder when 13 is divided by v.
3
Let p = 26 + -16. What is the remainder when 17 is divided by p?
7
Suppose 2*c = -r - 2*r + 49, -3*r + 47 = c. What is the remainder when 56 is divided by r?
11
Suppose -2*p + 2*i = -92, 5*i - 5 = -2*p + 59. Let k = 71 + -56. Calculate the remainder when p is divided by k.
12
What is the remainder when 3/(-3)*(3 + 0) - -51 is divided by 13?
9
Let y(u) = -u**2 - 7*u + 16. What is the remainder when 14 is divided by y(-8)?
6
Let a(g) = g**2 + 9*g + 2. Let c(n) = n - 1. Let p(o) = -a(o) - c(o). Calculate the remainder when 58 is divided by p(-7).
18
Let p be 71/5 - (-4)/(-20). Calculate the remainder when 32 is divided by 4/p + (-351)/(-21).
15
Suppose -3*j = i - 6*i + 18, 4*i - 11 = -j. Suppose -14 = -3*h + 4*c, 3*c - 8*c + 50 = i*h. What is the remainder when 37 is divided by h?
7
Let t = 64 - 32. Suppose 8*l - 290 = 5*l + 4*o, 0 = -4*l + 3*o + 382. What is the remainder when l is divided by t?
30
Calculate the remainder when (-20)/(4/116*-2) is divided by 49.
45
What is the remainder when 2/(-4) + 362/4 is divided by 23?
21
Let y = 3 - 8. Let t be ((-2)/2)/(1/y). Suppose 0 = 5*v - t. Calculate the remainder when 2 is divided by v.
0
Let f be (21 - -3) + -1*2. Let i = -13 + f. Calculate the remainder when 25 is divided by i.
7
Suppose 6*k - 192 - 12 = 0. What is the remainder when k is divided by 9?
7
Suppose -52 = -3*x + o - 6*o, -68 = -5*x + o. Suppose 0 = -3*q + 10 + x. Calculate the remainder when 22 is divided by q.
6
Let j = -21 + 23. Let r = 21 + j. Calculate the remainder when r is divided by 5.
3
Let n = 2 - -1. Suppose a - n*z = -0*a + 22, -2*a = z - 58. Suppose 2*v + 30 = 5*v - 5*m, 0 = 2*v - m - 20. What is the remainder when a is divided by v?
8
What is the remainder when 4/(-6) - (-1152)/27 is divided by 11?
9
Suppose 3*q + 113 = -64. Let z = 53 + -95. Let b = z - q. Calculate the remainder when 49 is divided by b.
15
Suppose -3*f - 28 = -88. Calculate the remainder when 58 is divided by f.
18
Let q(y) be the third derivative of -y**5/60 + 7*y**4/24 + y**3 - 3*y**2. Let n be q(6). Let g = n - 2. What is the remainder when 29 is divided by g?
9
Suppose -4*u - 2*s = -32, -2*u + 0*u + 8 = 3*s. Suppose 53 = 4*x - 19. Suppose -g + x = -0. What is the remainder when g is divided by u?
8
Suppose -2*r + 19 = 5*z, -z - 3*r = 2*r - 13. Let k(c) = 0*c + 29 - 4*c + 3*c + c**z. What is the remainder when k(0) is divided by 15?
14
Calculate the remainder when 8/(-36) - 789/(-27) is divided by 1 + 11 - 0 - 2.
9
Let p be 2/(-1)*(-3)/2. Suppose g = 5 + p. What is the remainder when g is divided by -2*2/(-4)*5?
3
Suppose -5*j + 3*s + 307 = 0, -252 = -4*j + s + 3*s. Suppose 0*q = 2*q - u - 26, 63 = 5*q - 3*u. What is the remainder when j is divided by q?
14
Let j = -38 + 58. What is the remainder when 57 is divided by j?
17
Let o(x) = -x - 9. Let a be o(-9). Let l = a - -9. Calculate the remainder when 15 is divided by l.
6
Let x = 30 - 9. What is the remainder when x is divided by 13?
8
Suppose 4*z = 5*z - 8. What is the remainder when 38 is divided by z?
6
Let r = -17 + 27. Let c be (-3 - 2)*12/(-20). Suppose 4*i - i = -2*j + 18, -30 = -4*j - c*i. What is the remainder when r is divided by j?
4
Let k(u) = u**3 - 5*u**2 + 2*u. Let v = -4 - -9. Calculate the remainder when k(v) is divided by (-2 - -4)/(3/6).
2
Suppose 134 = -3*v + 2*c + 350, 0 = -c - 3. Suppose -4*w = -2*q + v, q = -q - w + 80. Calculate the remainder when q is divided by 20.
19
Suppose -243 = -4*u - 3*j, -u = -6*u + 4*j + 265. What is the remainder when u is divided by 15?
12
Suppose -15 = -3*k + 9. What is the remainder when 23 is divided by k?
7
Suppose -4 = 2*v - 154. Suppose 0*r = 3*r - v. Let l = r + -15. Calculate the remainder when l is divided by 4.
2
Suppose 2*i - 7*i = -40. Let p(s) = -s**3 + 5*s**2 - 5*s + 2. Let t be p(3). Suppose -r = -t - 0. What is the remainder when i is divided by r?
3
Suppose 4*x + 3*b = 7, -2*b + 6 = 2*x + 2*b. Let o(u) = 31*u**3 + u**2 - u + 1. Calculate the remainder when o(x) is divided by 17.
15
Suppose 3*z + 4 = 5*z. Suppose 2*o = z*c + 2*c - 170, 0 = 5*c + o - 216. Suppose 0*x - 30 = -2*x. Calculate the remainder when c is divided by x.
13
Let h = 30 - -43. What is the remainder when h is divided by 38?
35
Suppose 8 = -4*x, 0*i + 4*i = 5*x + 158. Let l(n) = 2*n**2 - 9*n + 1. What is the remainder when i is divided by l(6)?
18
Suppose -o = -5*n + 17 + 1, -4*n = 2*o - 6. Let r = -34 + 19. Let h = n - r. What is the remainder when 53 is divided by h?
17
Let s = -205 - -225. Calculate the remainder when 50 is divided by s.
10
Suppose -6 = -3*n + 5*a, -3*n + 24 = -0*a + a. Let s be 2 + (2 - 2) - -2. Suppose -7 = s*z - 107. What is the remainder when z is divided by n?
4
Let v(p) = -p**2 - 8*p - 7. Let r be v(-8). Let y = 19 + r. What is the remainder when (4/(-6))/1*-33 is divided by y?
10
Let y(x) = 2*x**2 - 4*x - 1. What is the remainder when (24/(-28))/(1/(-49)) is divided by y(4)?
12
Calculate the remainder when 94 is divided by (-3)/(-18) + 7/(-6) + 17.
14
Let s(j) = j**2 - j + 22. Let y(z) = -4*z + 5*z**2 - z**2 - 4*z**2 + 5*z**2. Calculate the remainder when y(4) is divided by s(0).
20
Let j(t) be the first derivative of -t**3/3 + 4*t**2 + 11*t - 3. Suppose 24 = -0*y + 3*y. What is the remainder when j(y) is divided by 6?
5
Suppose 0 = 3*j - 0 - 24. Let l(g) = -g**3 + 8*g**2 + 4. Let s be l(j). Let m = s + 0. Calculate the remainder when 6 is divided by m.
2
Let n = 18 + -8. Let q(m) = -m**3 - 4*m**2 + 9*m + 1. Let t = 7 - 13. Calculate the remainder when q(t) is divided by n.
9
Suppose 2*l = -